what is 265 + 1b?
284
In base 10, what is 0 + 582?
582
In base 3, what is -1 - -110101200?
110101122
In base 4, what is 23303122022 + -1?
23303122021
In base 15, what is 1c519 - 1?
1c518
In base 8, what is -10 + 10715?
10705
In base 16, what is 4c74 - ef?
4b85
In base 7, what is 22452604 - -1?
22452605
In base 16, what is -5 + 553af?
553aa
In base 13, what is -a1 + 8c?
-12
In base 16, what is -3 - -17abdc?
17abd9
In base 2, what is 100110100 + 10110010?
111100110
In base 15, what is 3 + -605a?
-6057
In base 6, what is -324 - -501333?
501005
In base 8, what is 4 + 217?
223
In base 16, what is -13605 + -6?
-1360b
In base 10, what is 197 - -2231?
2428
In base 14, what is 239c - 18?
2384
In base 15, what is 6419 + -84?
6385
In base 9, what is 7567 - -7?
7575
In base 10, what is 4018336 - -4?
4018340
In base 4, what is -2011 + 3210331?
3202320
In base 3, what is 2011220020 - 0?
2011220020
In base 6, what is -3 - -101514?
101511
In base 14, what is 687 + 25?
6ac
In base 9, what is 81062 + 140?
81212
In base 7, what is 26265 - -24?
26322
In base 4, what is 1 + 2202030212?
2202030213
In base 10, what is 226 + -703?
-477
In base 8, what is 3161 - -40?
3221
In base 16, what is -2 - 5a73?
-5a75
In base 16, what is -2d - -7ba1?
7b74
In base 2, what is -1 + -100101000011011?
-100101000011100
In base 4, what is 222201 - -13?
222220
In base 13, what is -11a + -38?
-155
In base 5, what is 103001 + 3420?
111421
In base 7, what is -3133 - 202?
-3335
In base 7, what is -5 - 125654?
-125662
In base 11, what is -410 - -51?
-36a
In base 13, what is 72129 + 0?
72129
In base 3, what is 1201 - 201021?
-122120
In base 3, what is -21022 + 122010?
100211
In base 15, what is 2 + -5a58?
-5a56
In base 15, what is 7707 + 49?
7751
In base 11, what is 32346 + 11?
32357
In base 8, what is -1034 - -3?
-1031
In base 14, what is a1d - 45?
9b8
In base 10, what is 1971 - 14?
1957
In base 3, what is -112221 + 222?
-111222
In base 10, what is 310 + 247?
557
In base 9, what is 1656 + -701?
855
In base 16, what is -4 - adf2?
-adf6
In base 6, what is 2 + -45135430?
-45135424
In base 7, what is 0 - -2023056?
2023056
In base 8, what is 1661 + 1643?
3524
In base 11, what is -404 - 1?
-405
In base 10, what is 127 - 570?
-443
In base 7, what is -5 - -44510?
44502
In base 11, what is -3a - 54a6?
-5535
In base 3, what is -122 - 122210100?
-122210222
In base 10, what is 22566 + 42?
22608
In base 8, what is -2 + -1157604?
-1157606
In base 4, what is -30 - -10010231?
10010201
In base 11, what is 70 + 33?
a3
In base 4, what is -31 + -110113?
-110210
In base 16, what is 12c - -d1?
1fd
In base 8, what is 13133 - 32?
13101
In base 8, what is -17344 + 0?
-17344
In base 13, what is 7 + 6a818?
6a822
In base 13, what is -15b + 239?
ab
In base 11, what is a9782 - 5?
a9778
In base 6, what is -53 - -4111?
4014
In base 9, what is 415 + -827?
-412
In base 2, what is 101 + 101001000000000?
101001000000101
In base 12, what is 894 - -9b?
973
In base 16, what is -4ff1b + -1?
-4ff1c
In base 4, what is -21302 - 2301?
-30203
In base 7, what is -1262161 - -6?
-1262152
In base 6, what is 135321 + 3253?
143014
In base 11, what is 950632 - 1?
950631
In base 15, what is 6cbb8 + 4?
6cbbc
In base 11, what is 449876 - -4?
44987a
In base 4, what is -2 - 103200?
-103202
In base 7, what is -1402 - -151?
-1221
In base 5, what is -1443 - 1242?
-3240
In base 2, what is -101 + -10000000111000101111?
-10000000111000110100
In base 7, what is -5 + 41256?
41251
In base 12, what is 585a - 7?
5853
In base 5, what is -12402242 - 33?
-12402330
In base 8, what is -136 + -26?
-164
In base 7, what is -315 - 64562?
-65210
In base 7, what is -233 - 1?
-234
In base 4, what is 11302310021 - 10?
11302310011
In base 8, what is 10 - -15733?
15743
In base 13, what is 10 - -145?
155
In base 9, what is -156 + -22303?
-22460
In base 7, what is 1016 - 1406?
-360
In base 9, what is -2 - 410580?
-410582
In base 6, what is 1 - -135124?
135125
In base 3, what is -1 + 200011110100?
200011110022
In base 5, what is -4 - 3414144?
-3414203
In base 8, what is -420176 - 3?
-420201
In base 8, what is 307 - -21303?
21612
In base 4, what is -10 + 21220311?
21220301
In base 10, what is -289420 - -1?
-289419
In base 6, what is -1013501 + 23?
-1013434
In base 16, what is -209 + -17c?
-385
In base 9, what is 5831 + -7?
5823
In base 12, what is -27834 - -1?
-27833
In base 2, what is 1000011100001010 + 11?
1000011100001101
In base 13, what is 41994 + -1?
41993
In base 6, what is 2203 + -405?
1354
In base 11, what is aa08 + 4?
aa11
In base 16, what is 7cd3 + -19?
7cba
In base 7, what is 3 + -256543?
-256540
In base 4, what is -3 - 1132202212?
-1132202221
In base 13, what is 3 - -8949?
894c
In base 14, what is 2 + -2b549a?
-2b5498
In base 14, what is 2 - 22645?
-22643
In base 14, what is -247 + 38c6?
367d
In base 15, what is -14e6 - -8?
-14dd
In base 16, what is -b - 2958?
-2963
In base 11, what is -612696 - 3?
-612699
In base 3, what is -1000 - 102210100?
-102211100
In base 5, what is -2 - -3042434?
3042432
In base 3, what is 12110121120 - 12?
12110121101
In base 12, what is -28 + 5b6?
58a
In base 11, what is -975 - -6?
-96a
In base 7, what is 5146 - 10?
5136
In base 12, what is 2b6 + 20?
316
In base 5, what is -14230301 - -4?
-14230242
In base 7, what is 6 - -11636?
11645
In base 9, what is -23117 - 70?
-23187
In base 6, what is 4020 + 224?
4244
In base 5, what is -1234310 + -2?
-1234312
In base 16, what is -57 - -2da?
283
In base 13, what is 1 + -4172?
-4171
In base 8, what is -1370501 - -4?
-1370475
In base 6, what is -242 - -54002?
53320
In base 7, what is 4265623 - 1?
4265622
In base 2, what is 0 - -1011111010000110011?
1011111010000110011
In base 11, what is -1aaa84 - -1?
-1aaa83
In base 16, what is 11e58d - 3?
11e58a
In base 3, what is -10200202 - 1122202?
-12100111
In base 12, what is -172a7a - 2?
-172a80
In base 5, what is -2 - 2134401?
-2134403
In base 3, what is 1002 + 2210010?
2211012
In base 5, what is 30 + 3332231?
3332311
In base 15, what is 5 - -23e4?
23e9
In base 10, what is -984 - -6?
-978
In base 6, what is 23343 - 214?
23125
In base 11, what is 68928 + -4?
68924
In base 8, what is 20644 - -15?
20661
In base 6, what is 145 + -22425?
-22240
In base 3, what is -110 - -120221022?
120220212
In base 12, what is 749 + -870?
-123
In base 16, what is 916 - b1?
865
In base 4, what is 2232000010 + 10?
2232000020
In base 10, what is 2193 + -1247?
946
In base 2, what is -111010011 + -1101101110?
-10101000001
In base 6, what is 335205 - 12?
335153
In base 4, what is -1 - 323303?
-323310
In base 8, what is 13676 - -3?
13701
In base 5, what is 32424 + -434?
31440
In base 8, what is -214122 + -52?
-214174
In base 2, what is 1111 + 1011000000110110111?
1011000000111000110
In base 16, what is 1854c2 + -4?
1854be
In base 3, what is 11001212 - -21020?
11100002
In base 4, what is -110030 - 321?
-111011
In base 7, what is -1 - -1111301?
1111300
In base 15, what is -77 - 7bb?
-843
In base 12, what is -32b11 + 13?
-32aba
In base 6, what is 101320 + 334?
102054
In base 2, what is 110101 + 1110011000?
1111001101
In base 9, what is -3 - 36714?
-36717
In base 6, what is 55252 - 33?
55215
In base 12, what is -141 + 55?
-a8
In base 8, what is -11 - 31300?
-31311
In base 2, what is 11 + -1001011111001100?
-1001011111001001
In base 5, what is 131 - 2112?
-1431
In base 6, what is 235315 - 40?
235235
In base 15, what is 86529 + 3?
8652c
In base 16, what is b45 - 2?
b43
In base 11, what is 4 - -1a779?
1a782
In base 6, what is -1221123 - -11?
-1221112
In base 11, what is -6a5584 - -2?
-6a5582
In base 12, what is -84634 + -5?
-84639
In base 4, what is -2120320120 + -3?
-2120320123
In base 6, what is 0 + -252551?
-252551
In base 5, what is 4101224 + 1?
4101230
In base 3, what is -111011200 - -1110?
-111010020
In base 5, what is -3 + 2144104?
2144101
In base 16, what is -c5 - -44d?
388
In base 9, what is 6784 + -762?
6022
In base 16, what is 2f1 - 1439?
-1148
In base 9, what is 681016 - 0?
681016
In base 6, what is -133003 - -350?
-132213
In base 12, what is -2 + 983b2?
983b0
In base 11, what is 1197 + 24?
1210
In base 15, what is -8bde + -a?
-8be9
In base 6, what is -1 - -10203532?
10203531
In base 9, what is -1 + -1064018?
-1064020
In base 9, what is 6 - 271318?
-271312
In base 7, what i